 = -g**2 - 10*g - 5. Calculate the remainder when 31 is divided by c(-7).
15
Suppose -2*t = -6*t - 52. Let u = 17 + t. Calculate the remainder when (-11)/(-22) + 22/u is divided by 4.
2
Suppose 3*s = 19 + 11. What is the remainder when s is divided by 6?
4
Suppose -73 = -4*m - 13. Let d = m - -21. What is the remainder when d is divided by -4*(-4)/4 - -15?
17
Suppose 16*s - 1676 = -444. Suppose 0 = 2*t - 10, -5*q + 5*t + 3 + s = 0. What is the remainder when 55 is divided by q?
13
Suppose -2*b - 200 = -4*k, 4*k - k = 2*b + 149. Suppose k = -8*h + 11*h. Let i = -12 + h. What is the remainder when 7 is divided by i?
2
Suppose -2*s = 4*j - 182, 5*j + 70 = s - 0*j. Let a = s - 56. Calculate the remainder when 84 is divided by a.
26
Suppose 4 = w + 11. Let y(l) = l**3 + 9*l**2 + 14*l + 3. What is the remainder when 12 is divided by y(w)?
0
Suppose -5*n + 112 = -3*f, -n = -0*n + 3*f - 8. Suppose 42*w + 156 + 10692 = 155*w. Calculate the remainder when w is divided by n.
16
Let t be -3*((-4)/3 + 0). Suppose -h - t*h + 35 = 0. Suppose 3*r - 4*x = -3*x + 43, 5*x + h = -r. What is the remainder when 49 is divided by r?
10
Suppose 38 = s - 14. Let q(v) = -2*v**2 + 43*v - 138. Calculate the remainder when s is divided by q(5).
25
Suppose 10*v - 15 = 35. Let w = 56 - 32. What is the remainder when w is divided by v?
4
Let d = 829 - 815. Calculate the remainder when 89 is divided by d.
5
Let c(m) = -5*m - 43. Let l be 8/6*(-6)/4. Calculate the remainder when 35 - (-1 + (l - -4)) is divided by c(-11).
10
Suppose -4 - 43 = -5*r + 4*j, 0 = 3*r + 4*j - 9. What is the remainder when 86 is divided by r?
2
Suppose -q + 3 = -6. Suppose -q = -5*l + 6. Suppose -96 = -l*w - 33. What is the remainder when 82 is divided by w?
19
Suppose 5*o = 4*m - 233, 5*m - 5*o - 285 = -0*o. Let i(b) = b**3 - 2*b**2 - b - 3. Let x be i(6). Let q = x - m. What is the remainder when q is divided by 21?
20
Suppose 2*f - 34 = -p, -f = -5*p - 3*f + 138. What is the remainder when p is divided by 11?
4
Suppose 5*x - 25 = 0, 670 = 5*w + 44*x - 46*x. What is the remainder when w is divided by 82?
54
Let p = 4390 - 4354. What is the remainder when 4/(-3)*(-426)/4 is divided by p?
34
Let m(q) = -12*q - 54. Let y be (81/(-18))/(3/(-32)). Let i = y - 28. What is the remainder when m(-11) is divided by i?
18
Suppose 4*p = 2*b - 0*p - 46, -4*p = b - 17. What is the remainder when b is divided by 13?
8
What is the remainder when 101 is divided by (272/12)/((-11)/((-132)/8))?
33
Let y(s) = 13*s**2 - s - 2. Suppose 18*r + v - 24 = 16*r, 5 = r + 4*v. What is the remainder when y(2) is divided by r?
9
Let g(x) = -x**3 + 18*x**2 + 12. Suppose -s - 2*s + 207 = 0. Calculate the remainder when (-8 + 2)*s/(-9) is divided by g(18).
10
Suppose 33*x - 245 = 30*x - t, 79 = x + 3*t. Calculate the remainder when x is divided by 24.
10
Let d be 139/4 + (-3)/(-12). Let k be (-2007)/(-18) + (-1)/2. Suppose 144 = 3*g + 3*p, d = 3*g + 2*p - k. Calculate the remainder when g is divided by 13.
11
Suppose -f + 63 = -3*z + 11, 3*z = -f + 52. Calculate the remainder when 152 is divided by f.
48
Suppose 27*v - 9 = 1071. Calculate the remainder when 64 is divided by v.
24
Suppose v - w - 205 = 3*w, v + 4*w = 237. Calculate the remainder when v is divided by 28.
25
Suppose 3*i + 3*a - 36 = 0, -4*a + 0*a = -4*i + 32. Calculate the remainder when 199 is divided by i.
9
Let i = 616 + -444. Calculate the remainder when i is divided by 20.
12
Suppose -2*a + 14 = 4*r, -17 = -4*r + 2*a + 17. Suppose 51 = l + 2*l. Calculate the remainder when l is divided by r.
5
Calculate the remainder when 4/6*-3 + 7 + 419 is divided by 71.
69
Suppose -13 - 23 = -12*m. What is the remainder when (-2)/1*14/(-4) is divided by m?
1
Suppose 0 = 6*h - 166 + 52. Let f(q) = q**3 + q**2 - 2. Let m be f(6). Suppose 4*t - m = 46. Calculate the remainder when t is divided by h.
17
Let y(c) = -9*c + 189. Calculate the remainder when y(0) is divided by 39.
33
Suppose 0 = m - 5*m + 4*l + 108, 3*m + l - 89 = 0. What is the remainder when m is divided by 19?
10
Suppose g = 1 + 1. Let n be g/10 + 24/5. Suppose 4*l - 119 = -k, n*k = -3*l - 0*k + 85. Calculate the remainder when 59 is divided by l.
29
What is the remainder when 80/((-3 + -2)/(1*-5)) is divided by 30?
20
Suppose -4*k + 1069 = -5*h, -3*k + 507 = -k + 3*h. Calculate the remainder when k is divided by 12.
9
Let n = 88 + -79. Let c = -8 - -15. What is the remainder when c is divided by (-2)/8 + n/4 + 2?
3
Let j(d) = d + 7. Let c be j(-6). Suppose -3*l = -11 - c. Suppose i - 5*k = l*i - 27, -i + 7 = k. Calculate the remainder when i is divided by 2.
0
Let b(t) = -5*t**3 + 2*t**2 + t. Let s be b(-1). Suppose -4*q + 42 = -s. What is the remainder when q is divided by 6?
0
Let i(b) = 25*b**2 - 1. Calculate the remainder when 40 + (19 + -10)*(-12)/(-27) is divided by i(1).
20
Let b(v) = -7*v - 6 - 6 - 2 - 3. What is the remainder when 51 is divided by b(-4)?
7
Let o(r) = -7*r + 59. Let q be o(8). Suppose -3*y = -y - 236. Suppose -i = -q*i + y. Calculate the remainder when i is divided by 12.
11
Let f(v) = 4*v**2 + 2*v - 1. Calculate the remainder when 35 is divided by f(2).
16
Suppose -3*i = -2*i - 58. Suppose 15 = 2*c - 3*l - 18, c + 3*l - 12 = 0. Calculate the remainder when i is divided by c.
13
Let k be 5/1 - (-2)/(-1). Let g = 45 - -5. Suppose -k*t - g = -5*t. What is the remainder when t is divided by 13?
12
What is the remainder when (-638)/((-4)/7*(-56)/(-16)) is divided by 32?
31
Let q = 8 + 3. Let u = q - -4. What is the remainder when u is divided by 6?
3
Suppose -53*c - 196 = -67*c. Calculate the remainder when 39 is divided by c.
11
Suppose 0 = -228*o + 222*o + 186. What is the remainder when 185 is divided by o?
30
Let h(g) = -5*g + 2. Suppose -9*u = -14*u - 45. Calculate the remainder when h(u) is divided by 26.
21
Let c = -3203 + 3363. Let l(v) = -v**2 + v + 54. Calculate the remainder when c is divided by l(0).
52
What is the remainder when 243 is divided by (-18)/(-10)*(12 - (-11 - -13))?
9
Suppose 5*z = -0*m + 3*m - 44, -5*m - z = -64. Suppose 0*n + 111 = 2*r - 5*n, n = -3*r + 192. Calculate the remainder when r is divided by m.
11
Let p(g) = 32*g**2 - g. Suppose 15*o + 181 = 421. Calculate the remainder when p(1) is divided by o.
15
Suppose -484 = -7*d + 3*d. Suppose -3*f + d = 2*q, 3*q - 3*f = 48 + 126. Calculate the remainder when q is divided by 15.
14
Suppose 5*k - 21 = 59. Suppose -m = -5*m + k. Suppose m*x - v = 8*x - 131, -2*x + 62 = 4*v. Calculate the remainder when x is divided by 18.
15
Let s(t) be the second derivative of 5*t**4/3 + t**3/3 - t**2/2 - 9*t. Suppose -r + 6*r - 415 = 0. Calculate the remainder when r is divided by s(1).
20
Suppose -5*l = 3*p - 25, 2*p + 0*p = 2*l - 26. Suppose 0*k + 44 = 3*w + 2*k, -w - 4*k + l = 0. What is the remainder when 62 is divided by w?
14
Let f(m) = -m**3 - 5*m**2 + 20*m - 10. Suppose 5*u = 5, 8*b - 3*b = u - 46. What is the remainder when f(b) is divided by 45?
44
Let w be (-5)/10*(2/1 + 22). Calculate the remainder when 118 is divided by w*(0 + 1/(1 - 2)).
10
Let o = -564 - -1155. Calculate the remainder when o is divided by 40.
31
Let u be (-1398)/(-14) + 2/14. Let g be 2/(-8) + u/16. What is the remainder when g*(-7)/(42/(-4)) is divided by 2?
0
Let j(v) = -v**3 - 6*v**2 - 27*v - 101. What is the remainder when j(-11) is divided by 73?
71
Let w(h) = -h**3 - 10*h**2 + 12*h + 1. Let n be w(-11). Let x = 8 - n. What is the remainder when 69 is divided by x?
15
Suppose -8*s - 31 = -375. Calculate the remainder when s is divided by 12.
7
Suppose -79*z = -59*z - 580. Calculate the remainder when 666 is divided by z.
28
Let t = -2655 + 2675. What is the remainder when 537 is divided by t?
17
Let x be 2*(-9)/30*-5. Suppose 5*u = x*u + 38. What is the remainder when 167/3 - (-2)/6 is divided by u?
18
Let x(s) = 7*s - 2. Suppose j = -4*j + p + 58, 5*p = -2*j + 7. Suppose 1 - j = -5*c. What is the remainder when x(c) is divided by 5?
2
Let p = -73 - -128. Calculate the remainder when 50/(-4)*(-352)/p is divided by 41.
39
Let f(j) = -2*j**3 - 79*j**2 - 46*j - 93. What is the remainder when 360 is divided by f(-39)?
0
Let y be 4 + -3*4/(-6). Let x(f) = -f**2 + 9*f - 7. Let j = -26 - -33. Calculate the remainder when x(y) is divided by j.
4
Suppo